me factors of 721082?
2, 360541
List the prime factors of 1504071.
3, 167119
List the prime factors of 524019.
3, 174673
What are the prime factors of 258436?
2, 64609
What are the prime factors of 2603417?
29, 107, 839
What are the prime factors of 1052133?
3, 350711
List the prime factors of 260840.
2, 5, 6521
What are the prime factors of 1394496?
2, 3, 269
What are the prime factors of 1225904?
2, 17, 4507
List the prime factors of 292566.
2, 3, 48761
What are the prime factors of 18240198?
2, 3, 683, 4451
List the prime factors of 656024.
2, 82003
List the prime factors of 317365.
5, 63473
List the prime factors of 1158937.
13, 59, 1511
What are the prime factors of 1888874?
2, 13, 72649
List the prime factors of 143519.
143519
List the prime factors of 797484.
2, 3, 66457
List the prime factors of 372498.
2, 3, 7, 181
List the prime factors of 348326.
2, 11, 71, 223
What are the prime factors of 335866?
2, 61, 2753
What are the prime factors of 14263228?
2, 7, 67, 7603
What are the prime factors of 225286?
2, 112643
What are the prime factors of 1344401?
1344401
List the prime factors of 2809910.
2, 5, 19, 23, 643
What are the prime factors of 125248?
2, 19, 103
What are the prime factors of 1265311?
1265311
List the prime factors of 990587.
13, 23, 3313
What are the prime factors of 18753?
3, 7, 19, 47
What are the prime factors of 1739233?
1739233
List the prime factors of 322362.
2, 3, 17909
List the prime factors of 53863.
61, 883
What are the prime factors of 901120?
2, 5, 11
What are the prime factors of 4302927?
3, 113, 4231
List the prime factors of 1558107.
3, 37, 4679
List the prime factors of 586307.
661, 887
List the prime factors of 853265.
5, 7, 24379
List the prime factors of 2081845.
5, 23, 43, 421
List the prime factors of 9735655.
5, 41, 47491
What are the prime factors of 66884?
2, 23, 727
What are the prime factors of 196582?
2, 227, 433
What are the prime factors of 2351992?
2, 293999
What are the prime factors of 2001750?
2, 3, 5, 17, 157
What are the prime factors of 218500?
2, 5, 19, 23
List the prime factors of 7509329.
2029, 3701
What are the prime factors of 2447211?
3, 13, 131, 479
What are the prime factors of 1175673?
3, 391891
What are the prime factors of 3365041?
3365041
List the prime factors of 761505.
3, 5, 50767
List the prime factors of 60124.
2, 15031
List the prime factors of 75089.
7, 17, 631
What are the prime factors of 232379?
7, 89, 373
What are the prime factors of 519863?
519863
What are the prime factors of 506122?
2, 19, 701
List the prime factors of 6733543.
19, 151, 2347
List the prime factors of 95809.
7, 13687
List the prime factors of 2508282.
2, 3, 7, 17, 1171
List the prime factors of 3782714.
2, 13, 73, 1993
List the prime factors of 160901.
13, 12377
List the prime factors of 12643955.
5, 2528791
List the prime factors of 3964889.
3964889
What are the prime factors of 3464188?
2, 7, 13, 31, 307
List the prime factors of 84499.
84499
List the prime factors of 2127044.
2, 643, 827
List the prime factors of 572242.
2, 11, 19, 37
What are the prime factors of 2051666?
2, 59, 17387
List the prime factors of 6698780.
2, 5, 11, 30449
What are the prime factors of 1265699?
31, 40829
What are the prime factors of 11138652?
2, 3, 7, 44201
What are the prime factors of 504129?
3, 168043
What are the prime factors of 3739628?
2, 934907
List the prime factors of 4937965.
5, 987593
What are the prime factors of 13924?
2, 59
What are the prime factors of 129023?
129023
List the prime factors of 270808.
2, 33851
List the prime factors of 21898376.
2, 37, 167, 443
List the prime factors of 8042434.
2, 19, 211643
What are the prime factors of 23490062?
2, 11745031
List the prime factors of 3366475.
5, 7, 19237
List the prime factors of 1500169.
11, 136379
What are the prime factors of 32803556?
2, 47, 174487
List the prime factors of 3202209.
3, 29, 12269
List the prime factors of 12161948.
2, 43, 70709
List the prime factors of 235045.
5, 29, 1621
What are the prime factors of 2911457?
89, 32713
List the prime factors of 783643.
7, 111949
What are the prime factors of 39314864?
2, 2457179
What are the prime factors of 11607959?
11, 1055269
What are the prime factors of 15263718?
2, 3, 31, 137, 599
List the prime factors of 31401.
3, 1163
List the prime factors of 247312.
2, 13, 29, 41
What are the prime factors of 11882870?
2, 5, 1188287
What are the prime factors of 504018?
2, 3, 28001
What are the prime factors of 703768?
2, 13, 67, 101
List the prime factors of 31518598.
2, 37, 97, 4391
What are the prime factors of 606543?
3, 7, 17, 1699
What are the prime factors of 13014670?
2, 5, 1301467
List the prime factors of 2974134.
2, 3, 37, 13397
List the prime factors of 13849731.
3, 7, 127, 577
List the prime factors of 22766050.
2, 5, 455321
List the prime factors of 21859862.
2, 10929931
What are the prime factors of 7007030?
2, 5, 700703
What are the prime factors of 13720931?
7, 107, 2617
What are the prime factors of 3670304?
2, 11, 10427
List the prime factors of 1022238.
2, 3, 7, 19, 61
List the prime factors of 7759830.
2, 3, 5, 13, 101, 197
What are the prime factors of 562390?
2, 5, 56239
What are the prime factors of 59909?
139, 431
List the prime factors of 1168799.
1168799
List the prime factors of 626327.
13, 48179
What are the prime factors of 425320?
2, 5, 7, 31
What are the prime factors of 8049236?
2, 13, 19, 8147
List the prime factors of 621821.
621821
List the prime factors of 1957650.
2, 3, 5, 31, 421
List the prime factors of 1215272.
2, 151909
List the prime factors of 16123482.
2, 3, 298583
What are the prime factors of 201998?
2, 100999
List the prime factors of 373401.
3, 7, 5927
What are the prime factors of 835744?
2, 7, 13, 41
What are the prime factors of 1212146?
2, 13, 23, 2027
List the prime factors of 690845.
5, 233, 593
What are the prime factors of 375948?
2, 3, 59
What are the prime factors of 372839?
372839
What are the prime factors of 469588?
2, 7, 31, 541
List the prime factors of 211519.
7, 11, 41, 67
What are the prime factors of 630466?
2, 43, 7331
What are the prime factors of 698404?
2, 7, 24943
What are the prime factors of 2186162?
2, 11, 99371
What are the prime factors of 978379?
43, 61, 373
What are the prime factors of 14670500?
2, 5, 13, 37, 61
What are the prime factors of 21613327?
21613327
List the prime factors of 15633347.
1097, 14251
List the prime factors of 19491180.
2, 3, 5, 17, 97, 197
List the prime factors of 1371187.
1371187
List the prime factors of 12537675.
3, 5, 103, 541
What are the prime factors of 7504272?
2, 3, 29, 599
List the prime factors of 18658764.
2, 3, 518299
What are the prime factors of 1361244?
2, 3, 113437
What are the prime factors of 25451?
31, 821
List the prime factors of 5712487.
11, 23, 67, 337
What are the prime factors of 1482521?
47, 31543
What are the prime factors of 1921537?
1921537
What are the prime factors of 11135988?
2, 3, 97, 1063
What are the prime factors of 217922?
2, 108961
List the prime factors of 17007864.
2, 3, 37, 107, 179
What are the prime factors of 3009892?
2, 41, 18353
List the prime factors of 15735592.
2, 43, 149, 307
List the prime factors of 18309851.
7, 569, 4597
List the prime factors of 218357.
218357
What are the prime factors of 183005?
5, 17, 2153
What are the prime factors of 1810322?
2, 905161
What are the prime factors of 1870194?
2, 3, 353, 883
List the prime factors of 24528954.
2, 3, 29, 61, 2311
List the prime factors of 12599134.
2, 6299567
List the prime factors of 631889.
631889
List the prime factors of 7653569.
7, 11, 99397
List the prime factors of 2143384.
2, 113, 2371
List the prime factors of 648112.
2, 40507
What are the prime factors of 5302221?
3, 1767407
What are the prime factors of 2379491?
43, 55337
List the prime factors of 158109.
3, 7, 7529
List the prime factors of 1970159.
971, 2029
What are the prime factors of 7935288?
2, 3, 211, 1567
List the prime factors of 2018459.
71, 28429
What are the prime factors of 4412?
2, 1103
List the prime factors of 8128497.
3, 13, 29, 7187
List the prime factors of 4026359.
4026359
What are the prime factors of 3352350?
2, 3, 5, 22349
List the prime factors of 53196.
2, 3, 11, 13, 31
List the prime facto